+ (8 - 2)?
2
What is the value of -4 - (-8 - (12 - 16))?
0
Evaluate (-2 - 11 - -8) + 4.
-1
-4 + (-9 - -4 - -5)
-4
Calculate 3 + (-8 - (-21 + 7)).
9
What is the value of 2 - (-3 + 5) - -3?
3
Evaluate -5 - 1 - (-6 + 5).
-5
(-11 - -13) + -2 + 2
2
Calculate 4 - (-7 - -8 - (-4 + -8)).
-9
(-5 - -2) + 4 - (0 + 1)
0
What is (-1 - -2) + (25 - 21)?
5
Evaluate (3 - (7 + -4)) + -5.
-5
Calculate -2 - (-4 + (1 + 2 - 3)).
2
What is -2 - ((4 - 11) + 1)?
4
What is the value of -2 - -2 - (-88 + 94)?
-6
Calculate (-5 - -1) + 3 + -14 + 9.
-6
What is (9 + -4 - (-5 + 13)) + 2?
-1
-5 + 5 + (3 - 3) + -5
-5
What is the value of (-4 - -12) + -4 - 8?
-4
What is -2 + 1 + -3 + -1?
-5
-2 + -4 + (0 - -2)
-4
Evaluate (-2 - 1 - (-26 + 21)) + -3.
-1
What is the value of -1 + (5 - (-2 + 6))?
0
What is -10 + 2 + 8 - (1 + 2)?
-3
2 + 2 + 3 + -7 + -6
-6
28 + -33 - ((2 - 1) + 1)
-7
(-5 - -11) + -1 - 7
-2
Calculate 8 - (0 - -1) - (-5 + 7).
5
What is the value of (3 - 9) + 2 + 1?
-3
(2 - 0) + (-4 + -2 - -2)
-2
What is the value of (6 + -4 - -2) + -11?
-7
Evaluate 7 + 0 + -2 + 0 + -1.
4
-3 - (3 + -6 + -4 - -3)
1
3 - (13 - (7 + 1))
-2
What is the value of 1 + (-4 + 3 + -2 - -1)?
-1
Calculate 0 + 1 + -21 + 25 + -1.
4
Evaluate 4 + 1 - 4 - -6.
7
What is the value of 41 + -39 + 0 + 2?
4
What is the value of 3 - (9 + (-10 - (5 + -11)))?
-2
What is 10 + -6 + 13 - 10?
7
Calculate (0 - (-4 + 0)) + -11 + 6.
-1
-3 + 6 - 3 - 4
-4
17 - (33 - 12) - (0 + 0)
-4
What is the value of -2 + 4 - 2 - (-6 - -1)?
5
Calculate (-2 - -2) + -3 + 2.
-1
Evaluate (2 - 0) + (4 - (-3 - -12)).
-3
Calculate -3 + -1 - (-2 - 4) - -3.
5
Evaluate 2 - -1 - (20 + -20).
3
Evaluate 5 - (-1 + -4 + 13).
-3
Calculate 0 + 8 + (118 - 127).
-1
What is -1 + 3 + (0 - 11)?
-9
What is the value of 7 + -1 + -4 + 1 + -4?
-1
What is the value of 7 - (2 - (5 - (5 + 2)))?
3
1 - 0 - 1 - (-8 - -7)
1
-3 + 4 + 5 + -4 + -2
0
What is -4 + 6 + -1 + 3?
4
2 + (-2 - -5 - 3)
2
Evaluate 9 + (-2 - (-1 + 3)) - 0.
5
Evaluate 14 - -1 - (-2 + 6 + 3).
8
What is the value of 0 - 4 - 7 - -5 - -5?
-1
What is -141 + 143 - (1 + 2 + 0)?
-1
What is the value of 3 + (-4 + 2 - 2)?
-1
(24 - 28) + (-1 - (0 - -2))
-7
What is (8 - (10 - 4)) + 4?
6
Calculate 4 + -2 + 0 + -8 + 8.
2
What is -13 - (2 - ((15 - 5) + -4))?
-9
Evaluate -7 + (11 - -1) - 8.
-3
What is 3 + (2 - 4 - -4)?
5
-1 + 1 - (13 + 1 + -11)
-3
Evaluate -9 + 3 - (6 - (5 - 0)).
-7
1 - -8 - (-9 - -13)
5
What is (0 + 0 - -2) + -4?
-2
Calculate -2 - 2 - (0 + (-3 - 0)).
-1
What is -1 + 0 + 7 + -8 - -5?
3
Calculate 2 + -1 + -8 - (-4 + -5).
2
What is (0 - 0) + -3 + 2?
-1
Calculate (-2 - -8) + -1 - (61 - 55).
-1
Evaluate 0 + -1 - (-3 - (-4 - 0)).
-2
Evaluate (4 - (7 + -2)) + -4 + 2.
-3
Calculate (-5 - 5) + 10 - (0 - -1).
-1
Evaluate -2 - (-3 + (-3 - (-5 - 3))).
-4
Evaluate (-11 - -1) + (4 - -5).
-1
Evaluate -6 - (0 - (6 - (3 + -5))).
2
Calculate -7 + 0 + (121 - 111).
3
-13 - ((11 - 9) + -7)
-8
Calculate 3 - (4 + 2) - 2.
-5
Calculate -6 - -5 - (7 - 1).
-7
Calculate -5 + (3 - 1) + 5.
2
What is the value of 1 + 2 - 4 - (8 + -4)?
-5
-4 + (3 + -8 - -7)
-2
(4 - 0) + -23 + 4 + 11
-4
Evaluate -9 - (2 + -9 + 5).
-7
What is (3 - (5 + -4 - 2)) + 0?
4
Evaluate 5 + -10 + (-5 - -8) - -1.
-1
What is 8 - -1 - (-15 - (6 + -28))?
2
-1 + (8 - 5) + 3
5
What is -78 + 89 + (1 - 15)?
-3
What is the value of (-2 - -1) + 2 - (-7 + 6)?
2
Evaluate (-2 + 9 - 5) + -5.
-3
What is -38 - -39 - (8 + -2 - 1)?
-4
Evaluate -6 + 18 - 4 - (2 - 0).
6
Evaluate (10 - 6) + -10 + 2 - -8.
4
(-4 - -2) + 6 + 0 - -6
10
What is 0 + 2 + -7 + (0 - -10)?
5
12 + -5 - (11 - 4)
0
Calculate 0 + 1 + 3 + -4.
0
Calculate 2 - ((-1 + -5 - -2) + 0).
6
What is the value of (-20 - -17 - (-2 + 0)) + 6?
5
What is the value of 7 + (-1 - (-6 - -8))?
4
Evaluate -2 - ((2 - 12) + (17 - 11)).
2
What is 5 + 0 - ((-3 - 1) + 5)?
4
Calculate 19 + -17 + 5 + -16.
-9
What is the value of -1 + -15 + 5 + 4?
-7
What is the value of 2 + (1 - 3) + 4 + -1?
3
Calculate 2 - 10 - (-85 + 73).
4
What is the value of 0 + 1 - ((0 - 5) + 6)?
0
Calculate 0 - (-1 + (-3 + 7 - 1)).
-2
Evaluate -4 + 4 + -1 - -4.
3
Evaluate (32 - 35) + -6 + 2 + -2.
-9
What is the value of 1 + 3 - (-28 + 24) - 1?
7
-6 + 8 + 5 + -3 - 2
2
Calculate -11 + (7 - 2) + 1.
-5
What is the value of -7 + 7 - (1 + 0 - -1)?
-2
What is the value of -1 + 6 + -1 + (-24 - -20)?
0
2 + -4 + (3 - 3)
-2
Evaluate (0 - 1) + -7 + -7 - -6.
-9
What is (3 - 1) + -1 + (-4 - 1)?
-4
What is the value of (13 + -3 - 6) + 1?
5
What is 0 - (5 + 4) - (4 - 8)?
-5
What is the value of -11 - (9 - 3 - 11)?
-6
Calculate (-10 - -18 - (-2 + 3)) + 0.
7
0 + 2 - (-13 - (-23 + 8))
0
4 + 4 + -2 + -6 + 4
4
What is (-7 - (1 - 6)) + (8 - -1)?
7
What is the value of (35 - 38) + 1 + 9?
7
3 + -2 - (10 + -6)
-3
Calculate -4 + (-4 - -2) + 3.
-3
What is (-1 - -9) + (-1 - 11)?
-4
Calculate 2 - ((-5 - -15) + -5).
-3
Evaluate 1 - ((4 - -7) + -7).
-3
(1 - -3) + -8 + 9
5
What is 1 + 3 - (2 + -1)?
3
What is -7 + 3 + 0 - -3 - -1?
0
Evaluate 5 - 1 - (15 + -8).
-3
Calculate 3 + (1 - 1) + -2.
1
12 + (0 - (1 - -4))
7
Calculate 6 + (-7 - (2 + -4)).
1
Calculate -3 + (7 - (12 + -3)).
-5
What is (-3 - (-1 + 5)) + 13 - 3?
3
What is the value of 5 + -2 - (6 - 1)?
-2
What is the value of (-2 - 1 - (-7 + 4)) + 5?
5
What is the value of (2 + 0 - (2 - 6)) + -12?
-6
Calculate 2 + (-8 - (2 + -3)).
-5
What is 2 + 2 + (-16 - (0 - 8))?
-4
Calculate (-7 - -9 - -3) + 3 + -13.
-5
What is the value of (-1 - 0) + 6 + (-183 - -171)?
-7
(0 + (-2 - -3) - 6) + 3
-2
What is (0 - (-4 - (-4 + 2))) + -5?
-3
Evaluate 1 - -2 - 0 - 5.
-2
What is -2 + 2 + -1 + (1 - 4)?
-4
What is the value of 1 + 2 - (-14 + (1 - -15))?
1
What is 4 + (5 - -1) + -3?
7
1 + 0 - (-6 - (4 - 10))
1
Calculate 20 - 21 - (-1 - 1).
1
Calculate -5 + (0 - (-2 + 5 + -6)).
-2
18 + -1 + -9 + 2
10
What is the value of 11 - -3 - (27 + -18)?
5
Evaluate -6 + (4 + 3 - -4).
5
What is -2 + (8 - 19) + 9?
-4
-5 + (2 - -3) + -2 + 3
1
3 - (-5 + -3 + 7 + 2)
2
What is the value of (-9 - -6 - (-1 + -2)) + 0?
0
Calculate 6 + (7 + -12 - (1 + -4)).
4
-1 + -2 + (-4 - -9)
2
What is -6 + (4 + 1 - (7 + -8))?
0
What is the value of 9 - (20 + -14 + 9)?
-6
Evaluate (5 - (6 + (6 - 2))) + 6.
1
What is (-3 - 1) + (2 - 1) + 0?
-3
What is 33 + -34 - (2 - (7 + 1))?
5
Calculate 2 + 4 - (-2 + 2).
6
Evaluate 8 + -7 - (3 - 2) - 3.
-3
What is (1 - (13 + -12)) + 5?
5
What is 2 + (15 + -2 - 3) - 5?
7
Calculate (1 - 0 - 4) + 27 + -28.
-4
Evaluate (1 - 2 - 0) + 4.
3
What is 6 + (-7 - -3) - (2 + -1)?
1
Evaluate 7 + (-4 + -7 - -5) + -4.
-3
Calculate -2 + 1 + -3 - 3.
-7
Calculate 0 + -2 - 0 - -2.
0
What is (1 + -2 - 0) + -14 + 10?
-5
What is the value of -43 + 32 + -2 + 6 - 0?
-7
What is 3 + -7 + (15 - 19)?
-8
Evaluate 4 - (6 - (-1 + 4 - 0)).
1
5 + 1 + 0 - (142 - 141)
5
Calculate -1 + (3 + -1 - (-1 + 0)).
2
Calculate (0 - -1) + 1 + 1 - 8.
-5
What is the value of -5 + 3 + (4 - 0) + 0?
2
What is (1 - 3) + -11 + 11?
-2
What is the value of 1 - 4 - (3 + -6)?
0
Calculate 0 + (8 - 1 - (-1 - -5)).
3
What is the value of -11 - (-3 - (12 - 10))?
-6
15 + (-5 - 7) - (1 + 5)
-3
3 + (8 - 3 - 1) - 1
6
Calculate -70 - -75 - (12 - 2).
-5
Calculate -3 + 2 + (-1 - -3 - 1).
0
What is 3 + -5 + 5 - (6 + -1)?
-2
What is 9 + -9 + 3 + -1 - 5?
-3
3 - (-1 + 2 - -2)
0
3 - (-2 - (-15 + 2 + 3))
-5
Evaluate -12 + 5 - (-1 - 12).
6
(-3 - -4) + -7 + 3 + -3
-6
What is the value of -5 + (3 - (2 + -1) - -3)?
0
Calculate (3 + 0 + 6 - 2) + -8.
-1
-7 + -3 - 0 - -13
3
What is the value of -2 + 3 + -1 + -1?
-1
Evaluate 7 - ((3 - 10 - 0) + 5).
9
Calculate (-2 - 0) + 3 + (5 - 2).
4
What is 3 + -5 + 6 + -2?
2
What is 7 + 2 + -10 + 5?
4
What is the value of 2 - 3 - (9 - 2 - 7)?
-1
Calculate 1 + -2 - (-5 + 1).
3
Calculate 0 - 2 - (-52 + 59).
-9
Calculate 7 + -8 - -6 - 1.
4
What is the value of -2 + (-1 - 1 - 6 - -4)?
-6
-20 + 20 - (-1 + -1)
2
Evaluate -18 + 13 - (-12 - -2 - 0).
5
What is -5 + (12 - 4) + -3 + 3?
3
Evaluate (-30 - -14) + 10 + 12.
6
Evaluate 1 + 2 + -6 - 1.
-4
Calculate (22 - 24 - (-1 + 0)) + 1.
0
What is -25 - -21 - (0 + 0 + 0)?
-4
Evaluate 6 - (1 + 2) - (5 + 3).
-5
Calculate (8 + -4 - 10) + 4 + -2.
-4
-11 + -1 + 34 + -23 + -6
-7
What is 3 + -1 - (4 - 1)?
-1
8 + (1 - (12 - 5))
2
1 - 0 - (4 + 0) - -2
-1
What is the value of 2 + 3 + -2 - -1 - 1?
3
What is the value of -2 - -2 - (0 + 4)?
-4
What is (-1 - -15) + 41 + -50?
5
Evaluate 1